021?
3023010
In base 8, what is 5 + 171350?
171355
In base 3, what is 22001 + -10022?
11202
In base 8, what is 3 + -27100?
-27075
In base 4, what is 210023 - 100?
203323
In base 15, what is -5d06 + -80?
-5d86
In base 12, what is a3b - 315?
726
In base 5, what is 414303 + -4?
414244
In base 10, what is 991 - -554?
1545
In base 4, what is -2230331202 + 12?
-2230331130
In base 10, what is 62 + 145?
207
In base 2, what is -101001001001110011 - 10100?
-101001001010000111
In base 5, what is -342 - 24411?
-30303
In base 7, what is 322 + -50211?
-46556
In base 7, what is 146141 - 3?
146135
In base 12, what is -32ba6 - 6?
-32bb0
In base 10, what is 3 + -505266?
-505263
In base 5, what is 213 - 1014102?
-1013334
In base 12, what is 104256 + -5?
104251
In base 14, what is 1a037 - -5?
1a03c
In base 10, what is -89 - 2447?
-2536
In base 14, what is -2 - -5312b?
53129
In base 13, what is 30b8a + -2?
30b88
In base 8, what is 373 + 224?
617
In base 11, what is -47a - -1218?
849
In base 9, what is 10 + -15175?
-15165
In base 12, what is -7b41a8 + 3?
-7b41a5
In base 3, what is -200101122 + -1100?
-200102222
In base 11, what is -51376 + 0?
-51376
In base 4, what is -11 + -121002233?
-121002310
In base 5, what is 202412 + -14?
202343
In base 5, what is -10 + -2001214?
-2001224
In base 3, what is -11 + 101022012201?
101022012120
In base 6, what is -5324455 + -1?
-5324500
In base 3, what is 12 - 22210001101?
-22210001012
In base 11, what is -2507 - -5?
-2502
In base 14, what is 999 + -5?
994
In base 9, what is 165 + 6456?
6632
In base 11, what is -13164 + 5?
-1315a
In base 15, what is 616c - -4?
6171
In base 14, what is a2 - 5a3b?
-5979
In base 4, what is -3000 + 3021?
21
In base 9, what is 35504 + -8?
35485
In base 9, what is -6054 - 115?
-6170
In base 5, what is 3042 - 103?
2434
In base 8, what is 2 + -100744?
-100742
In base 16, what is 4 - -75c?
760
In base 10, what is 90036 + 0?
90036
In base 13, what is -1 - -138b1?
138b0
In base 10, what is 8059 + 1?
8060
In base 11, what is 33043 - 10?
33033
In base 14, what is 4 - -bd1d?
bd23
In base 11, what is -3 + 140196?
140193
In base 12, what is 58 + -5627?
-558b
In base 3, what is 121 + 1112101?
1112222
In base 15, what is -e1 + 32?
-ae
In base 8, what is -1622 + 2234?
412
In base 8, what is 32007 - -1?
32010
In base 10, what is -5049 + -2?
-5051
In base 3, what is -1110100012202 - 11?
-1110100012220
In base 16, what is -76 - 150c?
-1582
In base 8, what is 271 - -2266?
2557
In base 13, what is 1ba + -9?
1b1
In base 3, what is 210 - -122111?
200021
In base 15, what is -1b48 + -4a?
-1b93
In base 12, what is 3a - -15a2?
1620
In base 14, what is b - -15313?
15320
In base 5, what is 10 - 4211442?
-4211432
In base 9, what is -154 - -137?
-16
In base 13, what is -1397 + -12?
-13a9
In base 9, what is -250 - -12013?
11653
In base 13, what is 17683 + -3?
17680
In base 2, what is -100 - -1110001011111001?
1110001011110101
In base 14, what is -7069 - 1?
-706a
In base 15, what is 138d + -3c6?
eb7
In base 13, what is 30 + -1432?
-1402
In base 2, what is 100 + 110111110001010?
110111110001110
In base 16, what is -105 + -4b3?
-5b8
In base 6, what is 3 - 104121?
-104114
In base 11, what is 1a5236 + -1?
1a5235
In base 10, what is -1 + -62164?
-62165
In base 3, what is -201 - -1000001112?
1000000211
In base 2, what is 1 - 11101001111?
-11101001110
In base 3, what is 1120111100222 + 1?
1120111101000
In base 5, what is -11 - 143104?
-143120
In base 11, what is 30a - 52?
268
In base 12, what is -67a8 + -290?
-6a78
In base 16, what is 3 - 96c4?
-96c1
In base 2, what is 10011100000010010 - 100?
10011100000001110
In base 6, what is -105 - 3125?
-3234
In base 16, what is 3a3348 + -1?
3a3347
In base 10, what is 10 - 10146?
-10136
In base 9, what is -232 + -1347?
-1580
In base 9, what is 177382 + 2?
177384
In base 16, what is -117c + 1b?
-1161
In base 5, what is -100400 + -21342?
-122242
In base 11, what is 266384 + -5?
26637a
In base 11, what is -6108 + -8a?
-6197
In base 13, what is 29c0 - -97?
2a87
In base 6, what is -3 + -12021?
-12024
In base 8, what is -1230 + 5065?
3635
In base 9, what is 50665 + 3?
50668
In base 2, what is -111111110100101 + -10011?
-111111110111000
In base 14, what is -47b - -28?
-453
In base 10, what is 11 + -6976?
-6965
In base 6, what is 2450 + 2103?
4553
In base 7, what is -512103 - -4?
-512066
In base 2, what is -101001110011011001001 - -100?
-101001110011011000101
In base 8, what is 46 - -163047?
163115
In base 16, what is -1871e + -e?
-1872c
In base 13, what is -5835 + 14a?
-56b8
In base 13, what is -2b02 - 188?
-2c8a
In base 9, what is -2 + -55024?
-55026
In base 8, what is 14 + -263420?
-263404
In base 2, what is 11011111100101 - 10011?
11011111010010
In base 4, what is 1121 - 31232?
-30111
In base 7, what is 3012 + 24?
3036
In base 2, what is 11 + -10001110001101010011?
-10001110001101010000
In base 16, what is a8 - 16c?
-c4
In base 6, what is -114 - 1402203?
-1402321
In base 2, what is -110001111 + -1000101111100?
-1001100001011
In base 10, what is -414 - 920?
-1334
In base 14, what is -4 + 59dd?
59d9
In base 11, what is -115 + 4518?
4403
In base 9, what is 27 - -132384?
132422
In base 12, what is 5 + -418a?
-4185
In base 12, what is 43a - 47?
3b3
In base 14, what is -c - -2222?
2214
In base 2, what is -1000110011100111000 - -10?
-1000110011100110110
In base 13, what is 6 - -138137?
138140
In base 8, what is -2130 + -4134?
-6264
In base 9, what is 1 - -148458?
148460
In base 15, what is 37599 + 5?
3759e
In base 16, what is -5 - -8271?
826c
In base 12, what is 13b + 8a?
209
In base 9, what is 52 - 844?
-782
In base 8, what is -377 + 2143?
1544
In base 11, what is -73a64 + 2?
-73a62
In base 8, what is 477 + -201?
276
In base 10, what is -6355 + -5?
-6360
In base 13, what is -c567 - -5?
-c562
In base 13, what is 15 - -5812?
5827
In base 15, what is -5c2d6 - -e?
-5c2c7
In base 3, what is 10120 + -122121002?
-122110112
In base 10, what is -5040 + -4?
-5044
In base 5, what is -434 + 24103?
23114
In base 12, what is 2 - -19aa?
19b0
In base 13, what is -a + -207a?
-2087
In base 7, what is -5310 - 2454?
-11064
In base 11, what is 78a4 - 34?
7870
In base 2, what is -11110111100100000110 + 101?
-11110111100100000001
In base 5, what is 203402 + -10?
203342
In base 2, what is -1111 + -10010000111000?
-10010001000111
In base 2, what is 1000100 - -10101000010110?
10101001011010
In base 14, what is -4 - -290d2?
290cc
In base 10, what is 2365 + -7?
2358
In base 8, what is 3 - 27704?
-27701
In base 2, what is -100 + -11001100111010000?
-11001100111010100
In base 13, what is 3 - -47bb?
47c1
In base 4, what is -1321 + -100100?
-102021
In base 7, what is 2033 + -2404?
-341
In base 8, what is -12336 - -33?
-12303
In base 10, what is 10 + -26079?
-26069
In base 15, what is -2ce - -426?
147
In base 3, what is 102 - 121122011?
-121121202
In base 6, what is 14 - 441530?
-441512
In base 15, what is -907 + 4?
-903
In base 5, what is -1013 - 101302?
-102320
In base 16, what is -181 + 1c7b?
1afa
In base 9, what is 64 + -1222?
-1147
In base 2, what is 11 + 1001111110001010?
1001111110001101
In base 4, what is -3331232333 - 3?
-3331233002
In base 7, what is -244 + -1134?
-1411
In base 9, what is 448158 + 13?
448172
In base 4, what is -1313222 + 11?
-1313211
In base 4, what is -3310231103 - -2?
-3310231101
In base 16, what is c + -1d3f?
-1d33
In base 16, what is 6bf2 - 24?
6bce
In base 16, what is -7ae1 - 6?
-7ae7
In base 7, what is 1145516 - -4?
1145523
In base 16, what is -1047 - ef?
-1136
In base 14, what is -2 + -1424a?
-1424c
In base 14, what is 48a05 + -2?
48a03
In base 15, what is 4 + -2a31?
-2a2c
In base 2, what is 1001 + 1011010110000101111?
1011010110000111000
In base 16, what is 6119 - 1f?
60fa
In base 8, what is -227615 - 10?
-227625
In base 13, what is -2c9 - 179?
-475
In base 2, what is -100110 - 11101100010?
-11110001000
In base 5, what is 1103 + -1101?
2
In base 5, what is 1302010 + -100?
1301410
In base 3, what is -1022021 - 220?
-1100011
In base 8, what is 3674 - 135?
3537
In base 6, what is 1233450 - -3?
1233453
In base 3, what is -1121 + 212012?
210121
In base 15, what is -b18 + 48?
-ac0
In base 15, what is -41 + -1127?
-1168
In base 8, what is 3617 - 3076?
521
In base 4, what is -10211 + 1103222?
1033011
In base 1